{"id":121,"date":"2018-09-04T06:57:14","date_gmt":"2018-09-04T06:57:14","guid":{"rendered":"http:\/\/groun.ch\/?page_id=121"},"modified":"2019-10-28T14:14:06","modified_gmt":"2019-10-28T14:14:06","slug":"links","status":"publish","type":"page","link":"https:\/\/groun.ch\/?page_id=121","title":{"rendered":"Links"},"content":{"rendered":"\n<p><strong>Zentrale Dienstleistungen unseres Dachverbandes<\/strong><\/p>\n\n\n\n<p><a href=\"http:\/\/gastrosuisse.ch\/\" target=\"_blank\" rel=\"noreferrer noopener\">GastroSuisse<\/a><\/p>\n\n\n\n<figure class=\"wp-block-image\"><img decoding=\"async\" src=\"http:\/\/gastroluzern.vva.ch\/p2plus\/vva\/Docs\/1323420808174_GastroSuisse.gif\" alt=\"\"\/><\/figure>\n\n\n\n<p>Hier finden Sie unsere Mitglieder: Rechtsausk\u00fcnfte, wirtschaftspolitische Informationen, Fachverlag, Job Service, Gastro-Journal etc.<\/p>\n\n\n\n<hr class=\"wp-block-separator\"\/>\n\n\n\n<p><strong>Formulare zum Herunterladen<\/strong><br><\/p>\n\n\n\n<figure class=\"wp-block-image\"><img decoding=\"async\" src=\"http:\/\/www.gastro-luzern.ch\/images\/design\/icon_pdf.gif\" alt=\"\"\/><\/figure>\n\n\n\n<p><a href=\"http:\/\/gastroluzern.vva.ch\/p2plus\/vva\/Docs\/1322228062919_Gastgewerbegesetz.pdf\" target=\"_blank\" rel=\"noreferrer noopener\">Gastgewerbegesetz<\/a><br><\/p>\n\n\n\n<figure class=\"wp-block-image\"><img decoding=\"async\" src=\"http:\/\/www.gastro-luzern.ch\/images\/design\/icon_pdf.gif\" alt=\"\"\/><\/figure>\n\n\n\n<p><a href=\"http:\/\/gastroluzern.vva.ch\/p2plus\/vva\/Docs\/1322228160809_Gastgewerbeverordnung.pdf\" target=\"_blank\" rel=\"noreferrer noopener\">Gastgewerbeverordnung<\/a><br><\/p>\n\n\n\n<figure class=\"wp-block-image\"><img decoding=\"async\" src=\"http:\/\/www.gastro-luzern.ch\/images\/design\/icon_pdf.gif\" alt=\"\"\/><\/figure>\n\n\n\n<p><a href=\"http:\/\/gastroluzern.vva.ch\/p2plus\/vva\/Docs\/1322228266091_gesuchsformular_wirtschaftsbewilligung.pdf\" target=\"_blank\" rel=\"noreferrer noopener\">Gesuchsformular Wirtschaftsbewilligung<\/a><br><\/p>\n\n\n\n<figure class=\"wp-block-image\"><img decoding=\"async\" src=\"http:\/\/www.gastro-luzern.ch\/images\/design\/icon_pdf.gif\" alt=\"\"\/><\/figure>\n\n\n\n<p><a href=\"http:\/\/gastroluzern.vva.ch\/p2plus\/vva\/Docs\/1322559263803_gesuchsformular_einzelanlass.doc\" target=\"_blank\" rel=\"noreferrer noopener\">Gesuchsformular Einzelanlass<\/a><br><\/p>\n\n\n\n<hr class=\"wp-block-separator\"\/>\n\n\n\n<p><strong>Massgeschneiderte Sozialversicherungsangebote, exklusiv f\u00fcr unsere Mitglieder<\/strong><\/p>\n\n\n\n<p><a href=\"http:\/\/gastrosocial.ch\/\" target=\"_blank\" rel=\"noreferrer noopener\">GastroSocial<\/a><\/p>\n\n\n\n<figure class=\"wp-block-image\"><img decoding=\"async\" src=\"http:\/\/gastroluzern.vva.ch\/p2plus\/vva\/Docs\/1469705076533_Gastrosocial_250.jpg\" alt=\"\"\/><\/figure>\n\n\n\n<p>Profitieren Sie von finanziellen und administrativ einfachen L\u00f6sungen, erleichtern Sie mit Downloads von Formularen und Merkbl\u00e4ttern Ihre Personaladministration.<\/p>\n\n\n\n<hr class=\"wp-block-separator\"\/>\n\n\n\n<p><strong>Unser Partner f\u00fcr Unfall- und Krankenversicherung<\/strong><\/p>\n\n\n\n<p><a href=\"http:\/\/swica.ch\/\" target=\"_blank\" rel=\"noreferrer noopener\">Swica<\/a><\/p>\n\n\n\n<figure class=\"wp-block-image\"><img decoding=\"async\" src=\"http:\/\/gastroluzern.vva.ch\/p2plus\/vva\/Docs\/1323420688299_Swica.gif\" alt=\"\"\/><\/figure>\n\n\n\n<p>Mit Swica besteht ein Zusammenarbeitsvertrag \u00fcber den Abschluss&nbsp;<br>von Versicherungen in der Hotellerie und Restauration. Branchenspezifische Produkte, einfache Abwicklung im Schadenfall und kulante Schadendeckung sind Hauptmerkmale dieser Angebote.<\/p>\n\n\n\n<hr class=\"wp-block-separator\"\/>\n\n\n\n<p><strong>Kostenpflichtige Consulting-Leistungen des Verbandes<\/strong><\/p>\n\n\n\n<p>Vertrauen Sie f\u00fcr Finanzbuchhaltung, Steuern und L\u00f6hne unserer Verbands-Treuhandfirma mit Sitz in Luzern:<\/p>\n\n\n\n<p><a href=\"https:\/\/www.gastroconsult.ch\/de-olten\" target=\"_blank\" rel=\"noreferrer noopener\" aria-label=\"GastroConsult (\u00f6ffnet in neuem Tab)\">GastroConsult<\/a><\/p>\n\n\n\n<figure class=\"wp-block-image\"><img decoding=\"async\" src=\"http:\/\/gastroluzern.vva.ch\/p2plus\/vva\/Docs\/1323420729784_GastroConsult.gif\" alt=\"\"\/><\/figure>\n","protected":false},"excerpt":{"rendered":"<p>Zentrale Dienstleistungen unseres Dachverbandes GastroSuisse Hier finden Sie unsere Mitglieder: Rechtsausk\u00fcnfte, wirtschaftspolitische Informationen, Fachverlag, Job Service, Gastro-Journal etc. Formulare zum Herunterladen Gastgewerbegesetz Gastgewerbeverordnung Gesuchsformular Wirtschaftsbewilligung Gesuchsformular Einzelanlass Massgeschneiderte Sozialversicherungsangebote, exklusiv f\u00fcr unsere Mitglieder GastroSocial Profitieren Sie von finanziellen und administrativ einfachen L\u00f6sungen, erleichtern Sie mit Downloads von Formularen und Merkbl\u00e4ttern Ihre Personaladministration. Unser Partner f\u00fcr &hellip; <\/p>\n<p class=\"link-more\"><a href=\"https:\/\/groun.ch\/?page_id=121\" class=\"more-link\"><span class=\"screen-reader-text\">&#171;Links&#187;<\/span> weiterlesen<\/a><\/p>\n","protected":false},"author":1,"featured_media":0,"parent":0,"menu_order":0,"comment_status":"closed","ping_status":"closed","template":"","meta":{"footnotes":""},"class_list":["post-121","page","type-page","status-publish","hentry"],"_links":{"self":[{"href":"https:\/\/groun.ch\/index.php?rest_route=\/wp\/v2\/pages\/121","targetHints":{"allow":["GET"]}}],"collection":[{"href":"https:\/\/groun.ch\/index.php?rest_route=\/wp\/v2\/pages"}],"about":[{"href":"https:\/\/groun.ch\/index.php?rest_route=\/wp\/v2\/types\/page"}],"author":[{"embeddable":true,"href":"https:\/\/groun.ch\/index.php?rest_route=\/wp\/v2\/users\/1"}],"replies":[{"embeddable":true,"href":"https:\/\/groun.ch\/index.php?rest_route=%2Fwp%2Fv2%2Fcomments&post=121"}],"version-history":[{"count":2,"href":"https:\/\/groun.ch\/index.php?rest_route=\/wp\/v2\/pages\/121\/revisions"}],"predecessor-version":[{"id":203,"href":"https:\/\/groun.ch\/index.php?rest_route=\/wp\/v2\/pages\/121\/revisions\/203"}],"wp:attachment":[{"href":"https:\/\/groun.ch\/index.php?rest_route=%2Fwp%2Fv2%2Fmedia&parent=121"}],"curies":[{"name":"wp","href":"https:\/\/api.w.org\/{rel}","templated":true}]}}